7. Suppose -5*d = -c + 88, -2*d + 204 = 3*c + j*d. What are the prime factors of c?
73
Let h = 12 - 10. Suppose -2*y = -5*y + 3*n + 12, h*y - 16 = -2*n. List the prime factors of 2/y - 50/(-3).
17
Suppose a - 6 + 4 = 0. Suppose 7*v = -v + 40. What are the prime factors of -78*(v/3 - a)?
2, 13
Suppose -2*d = 5*j - 167, -d - 4*j + 116 = -8*j. What are the prime factors of d?
2, 3
Suppose -2*j + 0*c + 3*c = 1182, 4*c = 5*j + 2969. List the prime factors of (1 - j/4) + 5/(-20).
2, 3, 5
Let k(s) = 2*s**2 - 13*s - 63. List the prime factors of k(-13).
2, 3, 37
Let n = -16 + 12. Let o be (5 - -1)*n/(-6). Suppose -a + 95 = o*a. List the prime factors of a.
19
Let p be (3 + -2)*5*6. Suppose 2*w - 373 = -5*k, -3*k + 4*w = -233 + p. List the prime factors of k.
73
Let s(x) = 5*x**2 - x + 2. Suppose 2*h - 12 = 8*h. Let r = h - 0. List the prime factors of s(r).
2, 3
Let b = 13 - 40. Let z = 65 + b. List the prime factors of z.
2, 19
Suppose -p + 5094 = 5*p. List the prime factors of ((-3)/9)/((-1)/p).
283
Let s(a) = -a**3 + 11*a**2 - 9*a - 8. Let q be s(10). Let y be 14 + (2 + -1 - q). Suppose y*j - 385 = 8*j. List the prime factors of j.
7, 11
Let m(z) = 13*z**3 - z**2 + 2*z - 1. Let f be m(1). Let h(n) = -n**2 + 13*n + 27. Let v be h(f). Let c = 18 + v. List the prime factors of c.
3, 5
What are the prime factors of -2*((-1)/(-6))/(30/(-41490))?
461
Let c be (-4)/6 - ((-42)/9 - 1). Suppose c*x = h + 542, -2*x + h = -4*x + 214. List the prime factors of x.
2, 3
Let z(p) = -p**3 - 5*p**2 - 4*p + 1. Let c be z(-4). Let h(b) = -8*b + 0*b**3 - c + b**3 - 8 + 5*b**2. List the prime factors of h(-6).
3
Let w(m) = m**3 - 12*m**2 + m - 10. Suppose -3*p + 2*c = -2*p - 18, -5*p = 4*c - 48. Let b be w(p). Suppose b*t = 37 + 19. List the prime factors of t.
2, 7
Suppose 3*j = 3*t - 21, 4*t - 31 = 3*j - 0. List the prime factors of (-1 - -28)*(t/15 + 0).
2, 3
Suppose 570 = j + 4*j - 2*f, 5*j - 4*f = 580. Let w = 183 - j. What are the prime factors of w?
71
Suppose -4*g - 4*u = -4152, 0 = -5*g + 4*g - 2*u + 1035. What are the prime factors of g?
3, 347
Suppose -18*z + 13789 + 3617 = 0. What are the prime factors of z?
967
Suppose -3*m = -3*n + 18, -3*n - m = 3*m + 3. Suppose n*r - 100 = 59. List the prime factors of r.
53
Suppose i + 97*q = 101*q + 2531, -q = 3*i - 7606. What are the prime factors of i?
3, 5, 13
Let w = 1038 + 28. What are the prime factors of w?
2, 13, 41
Let r = 305 + 354. What are the prime factors of r?
659
Let m(c) = -c**3 - 6*c**2 - c - 6. Let f be m(-6). Let g = 12 + f. Let a(i) = 2*i + 14. List the prime factors of a(g).
2, 19
Suppose 0 = 3*n + 5*y - 190, -5*n = -10*n + y + 298. Suppose -n = -14*u + 8*u. List the prime factors of u.
2, 5
Suppose 0 = -3*b - 5 + 17. Suppose -5*w + 4*w = b*i - 73, -4*i = -16. List the prime factors of w.
3, 19
Let j(t) = -3*t + 3 + 0*t + 8*t - 2*t + 11*t**2. Let u be j(-4). Suppose 0 = -4*f + l + u, 4*f - 5*l = -0*f + 179. What are the prime factors of f?
41
Let y(t) = 3*t**3 - t**2 + 2*t + 2. Let s be y(-1). List the prime factors of (-6)/s - 1832/(-16).
2, 29
Let c = 14 - 16. Let a be (-2 + -3)*(c - -1). What are the prime factors of 30/(a - 3) + 0?
3, 5
Suppose -60473 + 155701 = 38*i. List the prime factors of i.
2, 7, 179
Suppose 5*s = u + 646, -5*u = -4 - 16. List the prime factors of s.
2, 5, 13
Let z be 5 - 5 - (1 - 41). Suppose 43*o - 189 = z*o. List the prime factors of o.
3, 7
Let c(s) = s**2 + s. Let j be c(-1). Suppose j*n - 190 = -5*n. What are the prime factors of (n/3)/(2/3)?
19
Suppose 3*h = 4*h - 97. Suppose 5*r + 88 = 3*p - 0*r, 3*r + 84 = 3*p. Let d = h - p. What are the prime factors of d?
71
What are the prime factors of 10 + (3 - 3) - -3482?
2, 3, 97
Suppose -5*r = 15, 3*m = -r + 1200 + 441. List the prime factors of m.
2, 137
Let f(r) = -r**2 + 3. Let k be f(0). List the prime factors of 1 - ((-195)/k - 1).
67
Let s(b) = b**2 - 2*b - 8. Let v = -2 - -8. Let q be s(v). What are the prime factors of (40/(-14))/(q/(-56))?
2, 5
Let m(n) = n**2 + 13*n - 69. List the prime factors of m(-29).
5, 79
Let b(m) = 3*m. Let p be b(7). Suppose p*w - 40 = 19*w. Suppose 22*u = w*u + 60. List the prime factors of u.
2, 3, 5
Let x = -21 - -22. Let n be (2/5)/(x/310). Let j = n - 73. What are the prime factors of j?
3, 17
What are the prime factors of 44 - (-12)/16*-8?
2, 19
What are the prime factors of (4/(-6))/(12/10404*-2)?
17
Let r be (-6)/15 + 26264/35 - -4. Suppose 4*w - 5*j = 739, -4*w - 3*j = -5*j - r. What are the prime factors of w?
191
Suppose 3 = v - 0. List the prime factors of (-1 + 177/9)*v.
2, 7
Suppose -1274 = -10*q + 3*q. Let g be 4/6 + 38/6. Suppose g*l + 7 = q. What are the prime factors of l?
5
Let r(a) = 5066*a - 90. List the prime factors of r(1).
2, 311
Let b = -22 + 41. Let r = b + -19. Suppose 4*v - 2*t + r*t - 228 = 0, -4*v - 3*t + 208 = 0. List the prime factors of v.
5, 11
Suppose 4*d - 117 - 731 = 0. What are the prime factors of 4/(-3 - d/(-68))?
2, 17
Let f = -794 + 3772. What are the prime factors of f?
2, 1489
Let t be 0 + -1 + 2 + -1. Suppose -2*f + 396 - 98 = t. What are the prime factors of f?
149
Let v(c) = c**3 + 3*c**2 - 3*c - 4. Let m be v(-4). Let k be 3/4*m/(-3). Suppose -3*w + 2*u + 128 = 0, 2*w - 186 = -k*w - 5*u. What are the prime factors of w?
2, 11
Let i = -42 - -45. Suppose -86 = i*b + 2*q - 344, 0 = -3*b + q + 258. What are the prime factors of b?
2, 43
Suppose -2*s + 0*s = -14. Let g be 3/s - (-24)/42. Let j(h) = 10*h**3 + h**2 - h + 1. What are the prime factors of j(g)?
11
Let p = -1872 + 7136. List the prime factors of p.
2, 7, 47
Let a = 26 + -25. Suppose 0 = -4*d - 4*z + 92, z - a = -0*z. What are the prime factors of d?
2, 11
List the prime factors of ((-5)/(-4))/5 - (-5075)/20.
2, 127
Let g(y) be the second derivative of 13*y**3/6 + 2*y**2 - 5*y. What are the prime factors of g(6)?
2, 41
Suppose 244 = 4*o - 9*o + 2*k, -2*o - 85 = -5*k. Let i = o + 79. What are the prime factors of i?
29
Let v = 86 + -83. Suppose -2*p + 220 = v*p. What are the prime factors of p?
2, 11
Let b = -277 + 509. Suppose -4*r + b = 3*k, -r + 2*r = -4*k + 71. Suppose 4*i = 5*p + r + 22, -75 = -5*i + 2*p. What are the prime factors of i?
13
Let w = -15 + 25. Let z be 5/1 + w + -11. Suppose -4*n - 16 = -z*c, 27 = 4*c - n - 4. List the prime factors of c.
3
Suppose -5*z = 3*g - 1600, -3*z = -5*g + 2303 + 341. Suppose -g = -4*c - c. List the prime factors of c.
2, 53
Suppose w = -5*o + 2213, -13*w + 16*w - 8*o = 6662. What are the prime factors of w?
2, 1109
Let d(y) = 4*y**3 + 2*y**2 + 2*y - 7. Suppose -14 = -3*m - g, -3*m - 19 = -m - 5*g. List the prime factors of d(m).
5
Suppose -4*a + 2*o + 10013 - 343 = 0, -3*a - o + 7245 = 0. What are the prime factors of a?
2, 151
List the prime factors of (-667)/(-5)*(0 - -5) - -3.
2, 5, 67
Suppose 2*h - 2*z = z + 317, -5*z = -2*h + 315. List the prime factors of (-1)/1*-3*h/12.
2, 5
Let f be -154*4/(-8) + 1. Suppose -t = -0*v - 5*v - f, 3*t + 2*v = 268. What are the prime factors of t?
2, 11
Suppose k - 3*k - 638 = -4*h, -5*k - 1535 = 5*h. Let u = 438 + k. What are the prime factors of u?
127
Let j(h) = 2*h**2 + 7*h - 6. Let o be j(-8). Let d = 111 - o. Let q = -17 + d. List the prime factors of q.
2, 7
Let a be (2/5)/(6/900 + 0). Let x = a - 6. List the prime factors of x.
2, 3
Suppose -15 = 5*r, 2*r = -f - 2*r + 68. Suppose f = 4*v - 252. List the prime factors of v.
83
Suppose j + 2484 = g + 3*j, -4*j = -20. List the prime factors of g.
2, 1237
Suppose 12700 = 5*m - 2215. What are the prime factors of m?
19, 157
Let y = 851 - -491. What are the prime factors of y?
2, 11, 61
List the prime factors of (18 - -466) + -1*7.
3, 53
Suppose -2*f - 226 + 1204 = 0. List the prime factors of f.
3, 163
Let b(p) = -p**3 - 4*p**2 + 13*p. Let q be b(-6). List the prime factors of 4/q + (-105)/(-9).
11
Suppose 7*w + 167 + 316 = 0. Let y = 91 - w. What are the prime factors of y?
2, 5
Let w be (5 + (-27)/6)*6. Suppose 4*v - 477 = -3*s, 2*v = -s - w*s + 246. What are the prime factors of v?
3, 13
What are the prime factors of -78*(-130)/90 - (-2)/(-3)?
2, 7
Let n be (-9)/(-36) + 1 + (-723)/12. Let c = 10 - n. What are the prime factors of c?
3, 23
Let q = 5 - 3. Suppose q*a - j = 14, 4*a - j = 3*j + 28. Suppose -27 = -n - a. What are the prime fact